8 - -98. Suppose p = 5*j - 60. What is the units digit of j?
0
What is the hundreds digit of (-8)/18 + 412479/243?
6
Suppose -4*k - 10*f + 5*f = -178, 0 = 3*f + 6. What is the units digit of k?
7
Suppose 3*v + 5744 = 4*p, 2*p - 2339 - 533 = -3*v. What is the tens digit of p?
3
Suppose 13*t - 3*t - 30 = 0. Suppose -v - 5*m + 24 = v, -v + t*m = -12. What is the units digit of v?
2
Let p be (-4)/14 + 80/35. Let g be (-2)/p + 8 + -2. Suppose 2*r = -z - 1 - 0, -r = -z + g. What is the units digit of z?
3
Suppose 493 = 4*s + 13. Suppose -n + s = 3*n. Suppose 0*i - 2*i = -n. What is the tens digit of i?
1
Let p(v) = 257*v**2 - 21*v - 83. What is the thousands digit of p(-3)?
2
Suppose 5*m - 30 - 15 = 0. Let i = m + -7. Suppose 73 + i = 5*l. What is the units digit of l?
5
Let n = -1084 + 1974. What is the units digit of n?
0
Suppose 4*m + 10 = 30. Suppose -y + 23 = -c, -2*y + m*c - 10 = -44. What is the units digit of y?
7
Suppose 4*g - g = 18. Suppose 3*z = -g + 21. Suppose 0 = -5*r - z*l + 50, 2*r - 3*l - 26 = l. What is the units digit of r?
1
Suppose 0 = 5*r - o - 18936, 0 = -3*r - 7*o + 10857 + 497. What is the units digit of r?
7
Suppose -756 = -3*i + i - 5*z, 4*i = 3*z + 1512. What is the hundreds digit of i?
3
Let w(u) = u**3 - 12*u**2 - 22*u + 62. What is the units digit of w(15)?
7
Let f = 1012 + 322. What is the tens digit of f?
3
Let v(j) = 2*j - 12. Let c be v(8). Suppose 52 = -c*o + 8*o. What is the units digit of o?
3
Let b be (3/5)/((-7)/(-210)). Suppose -21*g + 564 = -b*g. What is the units digit of g?
8
Let r(m) = m**2 + 6*m - 1. Let q be 1/((-14)/12 + 1). Let t be r(q). Let u = t + 10. What is the units digit of u?
9
Suppose -13*l + 7*l = -2358. What is the hundreds digit of l?
3
Let n = 12 + -8. Suppose 5*a = z + 735, -3*a - n*z + 272 = -a. Let c = a - 79. What is the units digit of c?
7
Suppose 2*h - 1 - 19 = 0. Let n be (-58 - h)/(-3 - -1). Suppose -y - 1 = -n. What is the tens digit of y?
3
Suppose 9336 = -63*p + 71*p. What is the thousands digit of p?
1
What is the thousands digit of (0 - 14/7)*5798/(-4)?
2
Let v(g) = -3 + 3 + g - 1 + 2*g. Let s be v(-5). Let p = s + 37. What is the tens digit of p?
2
Let t = 97 - -782. What is the tens digit of t?
7
Let a(l) = l**2 - l. Let k be a(2). Let z be (-87)/k + 8/(-16). Let j = -31 - z. What is the tens digit of j?
1
Let l be ((-2 - -1)*-2 + -25)*-1. Let u = l + -16. What is the units digit of u?
7
Let b(c) = -2*c - 13. Let i be b(-11). Let f = 12 - i. Suppose 5*r + 40 - 95 = 5*w, -f*w = -r + 13. What is the units digit of r?
0
Let l(j) = 4*j**2 + 23*j - 77. What is the units digit of l(-22)?
3
Let t be (24/(-21))/(8/(-28)). Suppose -t = -i, w = 5*w - 3*i - 152. What is the units digit of w?
1
Let x be -2 - (3 + -11 + 1). Let i(m) = -m**3 + m**2 - m. Let r be i(0). Suppose 2*w - 3*q - 13 = 0, r*q - q = -x*w + 52. What is the tens digit of w?
1
Suppose 0 = -4*t - g - 74, -52 = 2*t + t - g. Let c = t + 20. Suppose -c*z - 5 + 25 = 0. What is the tens digit of z?
1
Let f = 39 + -13. Let l(n) = -3*n**2 - 24*n + 3. Let b be l(-8). What is the tens digit of f*b/6 - -3?
1
Let c = -27 + 36. What is the tens digit of (35 - c)/((-4)/(-10))?
6
Let l be -1*2 - (1 + -9). Let p be l/4*6/9. What is the tens digit of 14/p*3 + -3?
3
Let l = 52 + -48. What is the hundreds digit of l + 174*(-10)/(-15)?
1
Let t = 5 + -1. Suppose 4*w - 230 = -3*m - 2*m, 0 = -t*m - 8. What is the tens digit of w?
6
Let t(m) = -m**2 - 7*m + 6. Let w be t(-8). Let j = -26 - w. Let a = j - -50. What is the tens digit of a?
2
Let d = -1722 - -1916. What is the hundreds digit of d?
1
Let b(s) = 3*s**2 + 11*s + 9. Let q be b(-7). Let k = q - 55. What is the units digit of k?
4
Suppose -3*q + 491 = -2*h, 328 = 2*q + 2*h + 4. What is the tens digit of q?
6
Suppose -2*d + 885 = -6*b + 8321, 5*d + 3734 = 3*b. What is the hundreds digit of b?
2
Suppose 14*f - 33272 - 9624 = 0. What is the units digit of f?
4
Let g(t) = 120*t**2 - 2*t - 3. Let r be g(-1). Let u = r + -69. What is the tens digit of u?
5
Let o(d) be the second derivative of d**4/6 - 7*d**3/6 + 2*d**2 + 4*d. Let r(q) be the first derivative of o(q). What is the units digit of r(4)?
9
Let y(v) be the third derivative of 0*v - 13/6*v**3 - 3/8*v**4 + 1/5*v**5 + 13*v**2 + 0 - 1/120*v**6. What is the units digit of y(11)?
9
Suppose 14 - 2 = -4*c. Let i = c - -6. Suppose i*q - 180 = 12. What is the units digit of q?
4
Suppose 80 = 2*i + 2*i - t, -4*i + 80 = 3*t. Let q(y) = y**2 + 2*y + 2. Let j be q(-2). Suppose -j*l + i = 4. What is the units digit of l?
8
Suppose -2086 = -2*w + z, -4*w - 2*z + 2241 + 1947 = 0. What is the tens digit of w?
4
Let i be (-12)/(-30) + 39/15. Suppose -i*y + 6*y - 21 = 4*b, -5*y = 5*b. Suppose 5*x - 11 = -3*d, y*x + 0*d + 3 = 3*d. What is the units digit of x?
1
Suppose 2*b = 5*b - 51. Suppose -3*x + b = 5. What is the units digit of x/(-3)*69/(-2)?
6
Let r(p) = p**3 + 4*p**2 + 2*p + 6. Let q be r(-5). Let f = 90 + q. What is the tens digit of f?
6
Let c = 7696 - 5430. What is the thousands digit of c?
2
Suppose n - 2*k = 689 + 544, 0 = -5*n - 5*k + 6180. What is the thousands digit of n?
1
Let z be (-6 - -11)/(1/7). Let d = z + -24. What is the tens digit of d?
1
Suppose 122 = -3*r + 5. Let d = 25 + r. Let f(h) = -h**2 - 17*h + 2. What is the tens digit of f(d)?
4
Let p(f) = -73*f + 8. Let t(n) = -24*n + 3. Let k(r) = -2*p(r) + 7*t(r). Let h be k(-4). Let m = h + -49. What is the units digit of m?
4
Let r = 1 + 8. Let q be 346/6 - r/(-27). What is the tens digit of -3 + (-3 - -2) + q?
5
Let u be (1/2)/((-2)/(-12)). Suppose -2*w - 39 = -u*w. What is the tens digit of w + 3 - (0 + -1)?
4
Suppose -2*n = i - 2340, 2*n - 2*i - 2316 = 3*i. What is the tens digit of n?
6
Let a be 12/2*(-4)/8. Let m(v) = -5*v - 3. Let z be m(a). Suppose 4*c = c + z. What is the units digit of c?
4
Suppose -2*r + r + 2 = 0. Let x = 141 + -138. What is the units digit of -2*((-57)/r)/x?
9
Let s(q) = -3*q - 10. Let a be s(-4). Suppose 2*z = a*k + 95 + 201, 3*z = 5*k + 448. What is the tens digit of z?
4
Let z(i) be the first derivative of -i**4/4 + 5*i**3/3 + 3*i**2/2 + 3*i - 1. Let q be z(6). Let o = 4 - q. What is the tens digit of o?
1
Let z(f) = -144*f + 20. What is the hundreds digit of z(-4)?
5
Suppose 2*k + 900 = -3*k. Let o = k + 306. What is the hundreds digit of o?
1
Let h(n) be the third derivative of 8*n**2 + 0 + 0*n**3 + 0*n - 1/12*n**4. What is the units digit of h(-1)?
2
Suppose 54 = 3*q - 2*q + 2*d, 4*q = -2*d + 210. What is the tens digit of q?
5
Suppose 12 = 4*y, -3*y - 2*y + 5 = -5*x. Suppose -4*o - 12 = -x*m, -10 = 6*o - o. What is the units digit of 8/m + 1*47?
1
Let r(n) = 369*n**2 - 7*n - 6. What is the units digit of r(-1)?
0
Let c(m) = m + 8 + 4*m**2 + 5*m**2 - 4*m**2 - 4*m**2. What is the units digit of c(-9)?
0
Suppose 5*b - 6521 = -2*h, 15*b - 6548 = -2*h + 19*b. What is the tens digit of h?
6
Suppose 84*l - 81*l - 696 = 3*d, 10 = 5*d. What is the units digit of l?
4
Let x(l) = 6*l - 16*l - 15 + l**2 + 17*l. What is the tens digit of x(7)?
8
Let f(a) = 51*a**2 + 5*a + 3. What is the units digit of f(-2)?
7
Let v(l) = 25*l**2 + 2*l + 12. What is the hundreds digit of v(-4)?
4
Suppose -4332 = -9*a + 3*a. What is the tens digit of a?
2
Suppose -4*u - 2*c = 2*c - 9972, u = -3*c + 2495. What is the tens digit of u?
9
Let k(x) = x**3 - 15*x**2 - 28*x - 38. What is the units digit of k(21)?
0
Let f = -8 - -10. Let h(q) = q**3 + 23*q**f - 17*q + 0*q**3 - 8*q**2 + 33 - 11. What is the tens digit of h(-16)?
3
Let l = -288 - -463. Suppose 2*u - 2*r - 96 = -26, -5*u + 3*r + l = 0. What is the tens digit of u?
3
Suppose -2*t + 2 + 2 = 0. Let w be (-200)/6*(-15)/10. Suppose 0 = -4*c + 3*g + w, t*c + 0*g = g + 24. What is the units digit of c?
1
Let z(g) = -g**3 - 11*g**2 - 11*g - 5. Let o be z(-10). Suppose 0 = -4*r + q + 23, o*r + 0*q - 3*q = 34. Suppose -265 = -r*u - 105. What is the tens digit of u?
3
Let q(r) = r**2 - 5*r - 18. Let p = 35 + -27. What is the units digit of q(p)?
6
Let i = 21 + -19. Let u(b) = -4*b**3 + 4*b + 4 + 0 + 1 + 5*b**i + 3*b**3. What is the units digit of u(5)?
5
Let c(l) be the second derivative of -l**4/12 - l**3/6 - 5*l**2/2 + 3*l. Let w be c(-7). Let x = -26 - w. What is the tens digit of x?
2
Let q = 2985 + -1802. What is t